{"id":828,"date":"2018-08-30T11:53:03","date_gmt":"2018-08-30T14:53:03","guid":{"rendered":"https:\/\/cpaguirre-cba.infd.edu.ar\/sitio\/requisitos-de-inscripcion-3\/"},"modified":"2025-07-23T09:27:56","modified_gmt":"2025-07-23T12:27:56","slug":"requisitos-de-inscripcion-3","status":"publish","type":"page","link":"https:\/\/cpaguirre-cba.infd.edu.ar\/sitio\/requisitos-de-inscripcion-3\/","title":{"rendered":"Requisitos de inscripci\u00f3n"},"content":{"rendered":"<p><img decoding=\"async\" title=\"Esquina izquierda\" src=\"https:\/\/cpaguirre-cba.infd.edu.ar\/sitio\/wp-content\/uploads\/2018\/08\/cnt_corner_left.gif\" alt=\"Esquina izquierda\" border=\"0\" \/><img decoding=\"async\" title=\"Esquina derecha\" src=\"https:\/\/cpaguirre-cba.infd.edu.ar\/sitio\/wp-content\/uploads\/2018\/08\/cnt_corner_right.gif\" alt=\"Esquina derecha\" border=\"0\" \/><\/p>\n<p><span style=\"color: #0000ff;\"><strong><span style=\"font-size: 12pt;\">Para todas las ofertas<\/span><\/strong><\/span><\/p>\n<ul>\n<li><span style=\"font-size: 14pt;\">Fotocopia DNI.<\/span><\/li>\n<li><span style=\"font-size: 14pt;\">Dos fotos carnet.<\/span><\/li>\n<li><span style=\"font-size: 14pt;\">Copia de partida de nacimiento.<\/span><\/li>\n<li><span style=\"font-size: 14pt;\">Certificado de estudiante regular o lnforme escolar.\u00a0<\/span><\/li>\n<li><span style=\"font-size: 14pt;\">Planilla Certificado de Salud (CUS).<\/span><\/li>\n<li><span style=\"font-size: 14pt;\">Folio oficio.<\/span><\/li>\n<\/ul>\n<p><span style=\"color: #0000ff;\"><strong><span style=\"font-size: 14pt;\">PROFESORADO<\/span><\/strong><\/span><\/p>\n<p><span style=\"font-size: 12pt;\">Presentar adem\u00e1s:\u00a0<\/span><strong><span style=\"font-size: 14pt;\"><br \/>\n<\/span><\/strong><\/p>\n<ul>\n<li><span style=\"font-size: 13.3333px;\"><span style=\"font-size: 14pt;\">Certificado Anal\u00edtico (que acredite Nivel Secundario completo) o Constancia de T\u00edtulo en tr\u00e1mite.<\/span><\/span><\/li>\n<\/ul>\n","protected":false},"excerpt":{"rendered":"<p>Para todas las ofertas Fotocopia DNI. Dos fotos carnet. Copia de partida de nacimiento. Certificado de estudiante regular o lnforme escolar.\u00a0 Planilla Certificado de Salud (CUS). Folio oficio. PROFESORADO Presentar adem\u00e1s:\u00a0 Certificado Anal\u00edtico (que acredite Nivel Secundario completo) o Constancia de T\u00edtulo en tr\u00e1mite.<\/p>\n","protected":false},"author":312,"featured_media":0,"parent":0,"menu_order":0,"comment_status":"closed","ping_status":"closed","template":"","meta":[],"acf":[],"_links":{"self":[{"href":"https:\/\/cpaguirre-cba.infd.edu.ar\/sitio\/wp-json\/wp\/v2\/pages\/828"}],"collection":[{"href":"https:\/\/cpaguirre-cba.infd.edu.ar\/sitio\/wp-json\/wp\/v2\/pages"}],"about":[{"href":"https:\/\/cpaguirre-cba.infd.edu.ar\/sitio\/wp-json\/wp\/v2\/types\/page"}],"author":[{"embeddable":true,"href":"https:\/\/cpaguirre-cba.infd.edu.ar\/sitio\/wp-json\/wp\/v2\/users\/312"}],"replies":[{"embeddable":true,"href":"https:\/\/cpaguirre-cba.infd.edu.ar\/sitio\/wp-json\/wp\/v2\/comments?post=828"}],"version-history":[{"count":1,"href":"https:\/\/cpaguirre-cba.infd.edu.ar\/sitio\/wp-json\/wp\/v2\/pages\/828\/revisions"}],"predecessor-version":[{"id":1021,"href":"https:\/\/cpaguirre-cba.infd.edu.ar\/sitio\/wp-json\/wp\/v2\/pages\/828\/revisions\/1021"}],"wp:attachment":[{"href":"https:\/\/cpaguirre-cba.infd.edu.ar\/sitio\/wp-json\/wp\/v2\/media?parent=828"}],"curies":[{"name":"wp","href":"https:\/\/api.w.org\/{rel}","templated":true}]}}